{"id":246,"date":"2024-01-05T14:23:58","date_gmt":"2024-01-05T13:23:58","guid":{"rendered":"http:\/\/31.147.207.167\/?page_id=246"},"modified":"2025-11-03T11:33:26","modified_gmt":"2025-11-03T10:33:26","slug":"kultura-i-umjetnost","status":"publish","type":"page","link":"http:\/\/doktorska.unios.hr\/index.php\/kultura-i-umjetnost\/","title":{"rendered":"Doktorski interdisciplinarni studij Kultura i umjetnost"},"content":{"rendered":"\n<p><strong>ZNANSTVENO ILI UMJETNI\u010cKO PODRU\u010cJE:<\/strong>&nbsp;Umjetni\u010dko Interdisciplinarno podru\u010dje znanosti i umjetnosti.<\/p>\n\n\n\n<p><strong>O STUDIJU:<\/strong> Istra\u017eujte \u0161ire, stvarajte umjetnost i oblikujte svoje akademske puteve s na\u0161im sveu\u010dili\u0161nim interdisciplinarnim doktorskim studijem Kultura i umjetnost. Ovaj inovativni program nagla\u0161ava suradnju izme\u0111u humanisti\u010dkih i dru\u0161tvenih znanosti, fokusiraju\u0107i se na istra\u017eivanje kulture i umjetnosti.<\/p>\n\n\n\n<p>Suvremene potrebe za interdisciplinarnim pristupima u humanisti\u010dkim i dru\u0161tvenim znanostima inspirirale su kreiranje ovog programa. Nastao je kao odgovor na stalne promjene u podru\u010dju humanistike te zahtjeve prakse za primjenom znanja u razli\u010ditim sferama dru\u0161tva.<\/p>\n\n\n\n<p>Na\u0161 doktorski studij omogu\u0107uje vam individualno oblikovanje kurikuluma prema vlastitim interesima. S posebnim naglaskom na istra\u017eivanju kulture i umjetnosti, nudimo vam priliku (su)kreirati vlastitu kompetenciju unutar odabrane teme. Program je strukturiran kako bi poticao plodnu interakciju izme\u0111u znanstvenog i umjetni\u010dkog istra\u017eivanja.<\/p>\n\n\n\n<p>Nagla\u0161avamo horizontalnu pokretljivost studenata, poti\u010du\u0107i prijelaz s drugih studija kako bi stvorili bogato iskustvo. Suradnja s inozemnim institucijama pru\u017ea vam mogu\u0107nost mobilnosti i \u0161irenja perspektive.<\/p>\n\n\n\n<p>Inovativnost na\u0161eg programa o\u010dituje se u stalnom otvaranju novih istra\u017eiva\u010dkih podru\u010dja, primjeni najnovijih metoda te prilagodbi tr\u017ei\u0161nim potrebama. Na\u0161a interdisciplinarnost predstavlja novi standard na hrvatskim sveu\u010dili\u0161tima, okupljaju\u0107i stru\u010dnjake iz razli\u010ditih podru\u010dja te poti\u010du\u0107i suradnju me\u0111u razli\u010ditim strukama.<\/p>\n\n\n\n<p>Pridru\u017eite nam se i istra\u017eujte umjetnost i kulturu na novi, inspirativan na\u010din.<\/p>\n\n\n\n<p><strong>DOKUMENTACIJA I OBRASCI<\/strong><\/p>\n\n\n\n<ul class=\"wp-block-list\">\n<li><a href=\"http:\/\/doktorska.unios.hr\/wp-content\/uploads\/2025\/11\/Izvedbeni-plan_Kultura-i-umjetnost-2025-2026.pdf\">Izvedbeni plan<\/a><\/li>\n\n\n\n<li><a href=\"http:\/\/31.147.207.167\/wp-content\/uploads\/2024\/01\/Studijski-savjetnici.docx.pdf\">Studijski savjetnici<\/a><\/li>\n<\/ul>\n\n\n\n<p>Podru\u010dje humanisti\u010dkih i dru\u0161tvenih znanosti:<\/p>\n\n\n\n<ul class=\"wp-block-list\">\n<li><a href=\"http:\/\/31.147.207.167\/wp-content\/uploads\/2024\/03\/DR-SC-DS\u030c-PM-.docx\">Prijedlog imenovanja mentora<\/a><\/li>\n\n\n\n<li><a href=\"http:\/\/31.147.207.167\/wp-content\/uploads\/2024\/03\/DR-SC-DS\u030c1-.docx\">Prijava teme doktorskog rada<\/a><\/li>\n\n\n\n<li><a href=\"http:\/\/31.147.207.167\/wp-content\/uploads\/2024\/03\/DR-SC-DS\u030c2.docx\">Ocjena teme doktorskog rada<\/a><\/li>\n\n\n\n<li><a href=\"http:\/\/31.147.207.167\/wp-content\/uploads\/2024\/03\/DR-SC-DS\u030c3.docx\">Ocjena doktorskog rada<\/a><\/li>\n\n\n\n<li><a href=\"http:\/\/31.147.207.167\/wp-content\/uploads\/2024\/03\/DR-SC-DS\u030c4.docx\">Protokol i zapisnik obrane doktorskog rada<\/a><\/li>\n\n\n\n<li><a href=\"http:\/\/31.147.207.167\/wp-content\/uploads\/2024\/03\/DR.ART_.-ECTS.KULT_.docx\">Zahtjev za priznavanje ECTS bodova iz Ostalih aktivnosti<\/a><\/li>\n<\/ul>\n\n\n\n<p>Umjetni\u010dko podru\u010dje:<\/p>\n\n\n\n<ul class=\"wp-block-list\">\n<li><a href=\"http:\/\/31.147.207.167\/wp-content\/uploads\/2024\/03\/Odluka-art.pdf\">Odluka o utvr\u0111ivanju postupka stjecanja doktorata umjetnosti<\/a><\/li>\n\n\n\n<li><a href=\"http:\/\/31.147.207.167\/wp-content\/uploads\/2024\/03\/DR-ART-DS\u030c-PM.docx\">Prijedlog imenovanja mentora<\/a><\/li>\n\n\n\n<li><a href=\"http:\/\/31.147.207.167\/wp-content\/uploads\/2024\/03\/DR-ART-DS\u030c1.docx\">Prijava teme doktorske disertacije<\/a><\/li>\n\n\n\n<li><a href=\"http:\/\/31.147.207.167\/wp-content\/uploads\/2024\/03\/DR-ART-DS\u030c2.docx\">Ocjena teme doktorskog rada<\/a><\/li>\n\n\n\n<li><a href=\"http:\/\/31.147.207.167\/wp-content\/uploads\/2024\/03\/DR-ART-DS\u030c3.docx\"><a href=\"http:\/\/31.147.207.167\/wp-content\/uploads\/2024\/03\/DR-SC-DS\u030c3.docx\">Ocjena doktorskog rada<\/a><\/a><\/li>\n\n\n\n<li><a href=\"http:\/\/31.147.207.167\/wp-content\/uploads\/2024\/03\/DR-ART-DS\u030c-4.docx\">Protokol i zapisnik obrane doktorskog rada<\/a><\/li>\n\n\n\n<li><a href=\"http:\/\/31.147.207.167\/wp-content\/uploads\/2024\/03\/DR.ART_.-ECTS.KULT_.docx\">Zahtjev za priznavanje ECTS bodova iz Ostalih aktivnosti<\/a><\/li>\n<\/ul>\n\n\n\n<hr class=\"wp-block-separator has-alpha-channel-opacity\"\/>\n","protected":false},"excerpt":{"rendered":"<p>ZNANSTVENO ILI UMJETNI\u010cKO PODRU\u010cJE:&nbsp;Umjetni\u010dko Interdisciplinarno podru\u010dje znanosti i umjetnosti. O STUDIJU: Istra\u017eujte \u0161ire, stvarajte umjetnost i oblikujte svoje akademske puteve s na\u0161im sveu\u010dili\u0161nim interdisciplinarnim doktorskim studijem Kultura i umjetnost. Ovaj inovativni program nagla\u0161ava suradnju izme\u0111u humanisti\u010dkih i dru\u0161tvenih znanosti, fokusiraju\u0107i se na istra\u017eivanje kulture i umjetnosti. Suvremene potrebe za interdisciplinarnim pristupima u humanisti\u010dkim i dru\u0161tvenim [&hellip;]<\/p>\n","protected":false},"author":2,"featured_media":0,"parent":0,"menu_order":0,"comment_status":"closed","ping_status":"closed","template":"","meta":{"_acf_changed":false,"footnotes":""},"class_list":["post-246","page","type-page","status-publish","hentry"],"acf":[],"_links":{"self":[{"href":"http:\/\/doktorska.unios.hr\/index.php\/wp-json\/wp\/v2\/pages\/246","targetHints":{"allow":["GET"]}}],"collection":[{"href":"http:\/\/doktorska.unios.hr\/index.php\/wp-json\/wp\/v2\/pages"}],"about":[{"href":"http:\/\/doktorska.unios.hr\/index.php\/wp-json\/wp\/v2\/types\/page"}],"author":[{"embeddable":true,"href":"http:\/\/doktorska.unios.hr\/index.php\/wp-json\/wp\/v2\/users\/2"}],"replies":[{"embeddable":true,"href":"http:\/\/doktorska.unios.hr\/index.php\/wp-json\/wp\/v2\/comments?post=246"}],"version-history":[{"count":47,"href":"http:\/\/doktorska.unios.hr\/index.php\/wp-json\/wp\/v2\/pages\/246\/revisions"}],"predecessor-version":[{"id":1301,"href":"http:\/\/doktorska.unios.hr\/index.php\/wp-json\/wp\/v2\/pages\/246\/revisions\/1301"}],"wp:attachment":[{"href":"http:\/\/doktorska.unios.hr\/index.php\/wp-json\/wp\/v2\/media?parent=246"}],"curies":[{"name":"wp","href":"https:\/\/api.w.org\/{rel}","templated":true}]}}