{"id":234,"date":"2024-01-05T14:23:04","date_gmt":"2024-01-05T13:23:04","guid":{"rendered":"http:\/\/31.147.207.167\/?page_id=234"},"modified":"2024-05-09T16:37:01","modified_gmt":"2024-05-09T14:37:01","slug":"o-doktorskoj-skoli","status":"publish","type":"page","link":"http:\/\/doktorska.unios.hr\/index.php\/o-doktorskoj-skoli\/","title":{"rendered":"O Doktorskoj \u0161koli"},"content":{"rendered":"\n<p>Doktorska \u0161kola Dru\u0161tveno-humanisti\u010dkih znanosti Sveu\u010dili\u0161ta Josipa Jurja Strossmayera u Osijeku ustrojena je Odlukom Senata 11. travnja 2011. godine. Na prijedlog Vije\u0107a Doktorske \u0161kole, Senat Sveu\u010dili\u0161ta je 31. o\u017eujka 2015. godine donio Odluku prema kojoj Doktorska \u0161kola Dru\u0161tveno humanisti\u010dkih mijenja naziv u Doktorska \u0161kola Sveu\u010dili\u0161ta Josipa Jurja Strossmayera u Osijeku. <\/p>\n\n\n\n<p>Poslijediplomski sveu\u010dili\u0161ni studiji mogu se izvoditi u doktorskoj \u0161koli koju ustrojava Sveu\u010dili\u0161te u okviru jednog ili vi\u0161e znanstvenih i\/ili umjetni\u010dkih podru\u010dja radi pove\u0107anja istra\u017eiva\u010dkih i nastavnih kapaciteta, poticanja interdisciplinarnosti i ve\u0107e ekonomi\u010dnosti izvedbe poslijediplomskih doktorskih studija na temelju Odluke Senata. U Doktorskoj \u0161koli Sveu\u010dili\u0161ta Josipa Jurja Strossmayera u Osijeku izvode se dva poslijediplomska interdisciplinarna sveu\u010dili\u0161na studija: <\/p>\n\n\n\n<ul class=\"wp-block-list\">\n<li><a href=\"http:\/\/31.147.207.167\/index.php\/kultura-i-umjetnost\/\">Doktorski interdisciplinarni studij Kultura i umjetnost<\/a><\/li>\n\n\n\n<li><a href=\"http:\/\/31.147.207.167\/index.php\/europski-studiji\/\">Doktorski interdisciplinarni studij Europski studiji<\/a><\/li>\n<\/ul>\n\n\n\n<p><strong>TEMELJNI I OP\u0106I DOKUMENTI<\/strong><\/p>\n\n\n\n<ul class=\"wp-block-list\">\n<li><a href=\"http:\/\/31.147.207.167\/wp-content\/uploads\/2024\/01\/STATUT-2023-10-16.pdf\">Statut<\/a><\/li>\n\n\n\n<li><a href=\"http:\/\/31.147.207.167\/wp-content\/uploads\/2024\/01\/PRAVILNIK-o-poslijediplomskim-studijima-na-Sveuc\u030cilis\u030ctu-Josipa-Jurja-Strossmayera-u-Osijeku-20231130.pdf\">Pravilnik o poslijediplomskim studijima na Sveu\u010dili\u0161tu Josipa Jurja Strossmayera<\/a><\/li>\n\n\n\n<li><a href=\"http:\/\/31.147.207.167\/wp-content\/uploads\/2024\/01\/13.-Povjerenstvo-stjecanje.pdf\">Povjerenstvo za stjecanje doktorata znanosti\/umjetnosti 2023.-2027.<\/a><\/li>\n\n\n\n<li><a href=\"http:\/\/31.147.207.167\/wp-content\/uploads\/2024\/01\/SJJS_Eticki_kodeks.pdf\">Eti\u010dki kodeks Sveu\u010dili\u0161ta Josipa Jurja Strossmayera u Osijeku <\/a><\/li>\n\n\n\n<li>Dopusnica za izvo\u0111enje Sveu\u010dili\u0161nog poslijediplomskog studija Kultura i umjetnost<\/li>\n<\/ul>\n\n\n\n<p><strong><a href=\"https:\/\/repozitorij.ds.unios.hr\/\">REPOZITORIJ&nbsp;DOKTORSKE \u0160KOLE SVEU\u010cILI\u0160TA JOSIPA JURJA STROSSMAYERA<\/a><\/strong><\/p>\n","protected":false},"excerpt":{"rendered":"<p>Doktorska \u0161kola Dru\u0161tveno-humanisti\u010dkih znanosti Sveu\u010dili\u0161ta Josipa Jurja Strossmayera u Osijeku ustrojena je Odlukom Senata 11. travnja 2011. godine. Na prijedlog Vije\u0107a Doktorske \u0161kole, Senat Sveu\u010dili\u0161ta je 31. o\u017eujka 2015. godine donio Odluku prema kojoj Doktorska \u0161kola Dru\u0161tveno humanisti\u010dkih mijenja naziv u Doktorska \u0161kola Sveu\u010dili\u0161ta Josipa Jurja Strossmayera u Osijeku. Poslijediplomski sveu\u010dili\u0161ni studiji mogu se izvoditi [&hellip;]<\/p>\n","protected":false},"author":2,"featured_media":0,"parent":0,"menu_order":0,"comment_status":"closed","ping_status":"closed","template":"","meta":{"_acf_changed":false,"footnotes":""},"class_list":["post-234","page","type-page","status-publish","hentry"],"acf":[],"_links":{"self":[{"href":"http:\/\/doktorska.unios.hr\/index.php\/wp-json\/wp\/v2\/pages\/234","targetHints":{"allow":["GET"]}}],"collection":[{"href":"http:\/\/doktorska.unios.hr\/index.php\/wp-json\/wp\/v2\/pages"}],"about":[{"href":"http:\/\/doktorska.unios.hr\/index.php\/wp-json\/wp\/v2\/types\/page"}],"author":[{"embeddable":true,"href":"http:\/\/doktorska.unios.hr\/index.php\/wp-json\/wp\/v2\/users\/2"}],"replies":[{"embeddable":true,"href":"http:\/\/doktorska.unios.hr\/index.php\/wp-json\/wp\/v2\/comments?post=234"}],"version-history":[{"count":13,"href":"http:\/\/doktorska.unios.hr\/index.php\/wp-json\/wp\/v2\/pages\/234\/revisions"}],"predecessor-version":[{"id":1043,"href":"http:\/\/doktorska.unios.hr\/index.php\/wp-json\/wp\/v2\/pages\/234\/revisions\/1043"}],"wp:attachment":[{"href":"http:\/\/doktorska.unios.hr\/index.php\/wp-json\/wp\/v2\/media?parent=234"}],"curies":[{"name":"wp","href":"https:\/\/api.w.org\/{rel}","templated":true}]}}