{"id":226,"date":"2024-01-05T14:22:07","date_gmt":"2024-01-05T13:22:07","guid":{"rendered":"http:\/\/31.147.207.167\/?page_id=226"},"modified":"2025-03-11T09:52:54","modified_gmt":"2025-03-11T08:52:54","slug":"obrasci","status":"publish","type":"page","link":"http:\/\/doktorska.unios.hr\/index.php\/obrasci\/","title":{"rendered":"Obrasci"},"content":{"rendered":"\n<p><strong>Doktorski interdisciplinarni studij<\/strong> <strong>Europski studiji<\/strong><\/p>\n\n\n\n<ul class=\"wp-block-list\">\n<li><a href=\"http:\/\/31.147.207.167\/wp-content\/uploads\/2024\/07\/DR-SC-DS-PM-2.docx\">Prijedlog imenovanja mentora<\/a><\/li>\n\n\n\n<li><a href=\"http:\/\/31.147.207.167\/wp-content\/uploads\/2024\/03\/DR-SC-DS\u030c1-.docx\">Prijava teme doktorskog rada<\/a><\/li>\n\n\n\n<li><a href=\"http:\/\/31.147.207.167\/wp-content\/uploads\/2024\/03\/DR-SC-DS\u030c2.docx\">Ocjena teme doktorskog rada<\/a><\/li>\n\n\n\n<li><a href=\"http:\/\/31.147.207.167\/wp-content\/uploads\/2024\/03\/DR-SC-DS\u030c3.docx\">Ocjena doktorskog rada<\/a><\/li>\n\n\n\n<li>Protokol i zapisnik obrane doktorskog rada<\/li>\n\n\n\n<li><a href=\"http:\/\/31.147.207.167\/wp-content\/uploads\/2024\/05\/DR.SC_.-ECTS.-6.docx\">Zahtjev za priznavanje ECTS bodova iz Ostalih aktivnosti<\/a><\/li>\n<\/ul>\n\n\n\n<hr class=\"wp-block-separator has-alpha-channel-opacity\"\/>\n\n\n\n<p><strong>Doktorski interdisciplinarni studij Kultura i umjetnost<\/strong>&nbsp;(<strong>Kulturologija)<\/strong><\/p>\n\n\n\n<p>Podru\u010dje humanisti\u010dkih i dru\u0161tvenih znanosti:<\/p>\n\n\n\n<ul class=\"wp-block-list\">\n<li><a href=\"http:\/\/31.147.207.167\/wp-content\/uploads\/2024\/07\/DR-SC-DS-PM-2.docx\">Prijedlog imenovanja mentora<\/a><\/li>\n\n\n\n<li><a href=\"http:\/\/31.147.207.167\/wp-content\/uploads\/2024\/03\/DR-SC-DS\u030c1-.docx\">Prijava teme doktorskog rada<\/a><\/li>\n\n\n\n<li><a href=\"http:\/\/31.147.207.167\/wp-content\/uploads\/2024\/03\/DR-SC-DS\u030c2.docx\">Ocjena teme doktorskog rada<\/a><\/li>\n\n\n\n<li><a href=\"http:\/\/31.147.207.167\/wp-content\/uploads\/2024\/03\/DR-SC-DS\u030c3.docx\">Ocjena doktorskog rada<\/a><\/li>\n\n\n\n<li>Protokol i zapisnik obrane doktorskog rada<\/li>\n\n\n\n<li><a href=\"http:\/\/31.147.207.167\/wp-content\/uploads\/2024\/05\/DR.SC_.-ECTS.-6.docx\">Zahtjev za priznavanje ECTS bodova iz Ostalih aktivnosti<\/a><\/li>\n<\/ul>\n\n\n\n<p>Umjetni\u010dko podru\u010dje:<\/p>\n\n\n\n<ul class=\"wp-block-list\">\n<li><a href=\"http:\/\/31.147.207.167\/wp-content\/uploads\/2024\/03\/Odluka-art.pdf\">Odluka o utvr\u0111ivanju postupka stjecanja doktorata umjetnosti<\/a><\/li>\n\n\n\n<li><a href=\"http:\/\/31.147.207.167\/wp-content\/uploads\/2024\/07\/DR-ART-DS-PM-2.docx\">Prijedlog imenovanja mentora<\/a><\/li>\n\n\n\n<li><a href=\"http:\/\/31.147.207.167\/wp-content\/uploads\/2024\/03\/DR-ART-DS\u030c1.docx\">Prijava teme doktorske disertacije<\/a><\/li>\n\n\n\n<li><a href=\"http:\/\/31.147.207.167\/wp-content\/uploads\/2024\/03\/DR-ART-DS\u030c2.docx\">Ocjena teme doktorskog rada<\/a><\/li>\n\n\n\n<li><a href=\"http:\/\/31.147.207.167\/wp-content\/uploads\/2024\/03\/DR-SC-DS\u030c3.docx\">Ocjena doktorskog rada<\/a><\/li>\n\n\n\n<li>Protokol i zapisnik obrane doktorskog rada<\/li>\n\n\n\n<li><a href=\"http:\/\/31.147.207.167\/wp-content\/uploads\/2024\/05\/DR.ART_.-ECTS.KULT-3.docx\">Zahtjev za priznavanje ECTS bodova iz Ostalih aktivnosti<\/a><\/li>\n<\/ul>\n\n\n\n<hr class=\"wp-block-separator has-alpha-channel-opacity\"\/>\n\n\n\n<p><strong>Zajedni\u010dki obrasci i dokumenti Doktorske \u0161kole<\/strong><\/p>\n\n\n\n<ul class=\"wp-block-list\">\n<li><a href=\"http:\/\/doktorska.unios.hr\/wp-content\/uploads\/2025\/03\/Prijavni-obrazac.pdf\">Prijavni obrazac<\/a><\/li>\n\n\n\n<li>Upute za izvedbu projekta istra\u017eivanja<\/li>\n\n\n\n<li><a href=\"http:\/\/31.147.207.167\/wp-content\/uploads\/2024\/04\/Upute-za-izradu-doktorskog-rada.docx\">Upute za izradu i oblikovanje doktorskog rada<\/a><\/li>\n\n\n\n<li><a href=\"http:\/\/31.147.207.167\/wp-content\/uploads\/2024\/03\/Izjava-o-ne-plagiranj.docx\">Izjava o akademskoj \u010destitosti<\/a><\/li>\n\n\n\n<li><a href=\"http:\/\/31.147.207.167\/wp-content\/uploads\/2024\/03\/Obrazac-NP.1.-I.-razina-KIU.docx\">Obrazac NP.1. (I. razina) KIU.docx<\/a>&nbsp;(.doc)<\/li>\n\n\n\n<li><a href=\"http:\/\/31.147.207.167\/wp-content\/uploads\/2024\/03\/Obrazac-NP.1.I.-razina-EU.docx\">Obrazac NP.1.(I. razina) EU.docx<\/a>&nbsp;(.doc)<\/li>\n<\/ul>\n\n\n\n<p><strong><a href=\"http:\/\/31.147.207.167\/wp-content\/uploads\/2024\/01\/PRAVILNIK-o-poslijediplomskim-studijima-na-Sveuc\u030cilis\u030ctu-Josipa-Jurja-Strossmayera-u-Osijeku-20231130.pdf\">PRAVILNIK O POSLIJEDIPLOMSKIM STUDIJIMA<\/a><\/strong><\/p>\n","protected":false},"excerpt":{"rendered":"<p>Doktorski interdisciplinarni studij Europski studiji Doktorski interdisciplinarni studij Kultura i umjetnost&nbsp;(Kulturologija) Podru\u010dje humanisti\u010dkih i dru\u0161tvenih znanosti: Umjetni\u010dko podru\u010dje: Zajedni\u010dki obrasci i dokumenti Doktorske \u0161kole PRAVILNIK O POSLIJEDIPLOMSKIM STUDIJIMA<\/p>\n","protected":false},"author":2,"featured_media":0,"parent":0,"menu_order":0,"comment_status":"closed","ping_status":"closed","template":"","meta":{"_acf_changed":false,"footnotes":""},"class_list":["post-226","page","type-page","status-publish","hentry"],"acf":[],"_links":{"self":[{"href":"http:\/\/doktorska.unios.hr\/index.php\/wp-json\/wp\/v2\/pages\/226","targetHints":{"allow":["GET"]}}],"collection":[{"href":"http:\/\/doktorska.unios.hr\/index.php\/wp-json\/wp\/v2\/pages"}],"about":[{"href":"http:\/\/doktorska.unios.hr\/index.php\/wp-json\/wp\/v2\/types\/page"}],"author":[{"embeddable":true,"href":"http:\/\/doktorska.unios.hr\/index.php\/wp-json\/wp\/v2\/users\/2"}],"replies":[{"embeddable":true,"href":"http:\/\/doktorska.unios.hr\/index.php\/wp-json\/wp\/v2\/comments?post=226"}],"version-history":[{"count":27,"href":"http:\/\/doktorska.unios.hr\/index.php\/wp-json\/wp\/v2\/pages\/226\/revisions"}],"predecessor-version":[{"id":1197,"href":"http:\/\/doktorska.unios.hr\/index.php\/wp-json\/wp\/v2\/pages\/226\/revisions\/1197"}],"wp:attachment":[{"href":"http:\/\/doktorska.unios.hr\/index.php\/wp-json\/wp\/v2\/media?parent=226"}],"curies":[{"name":"wp","href":"https:\/\/api.w.org\/{rel}","templated":true}]}}